{"id":14,"date":"2025-10-27T19:22:51","date_gmt":"2025-10-27T19:22:51","guid":{"rendered":"https:\/\/cabinet-jvl.fr\/boutique\/site\/?post_type=product&#038;p=14"},"modified":"2026-03-05T17:38:10","modified_gmt":"2026-03-05T17:38:10","slug":"livre-lart-de-la-relation-au-service-de-laccompagnement-volume-1","status":"publish","type":"product","link":"https:\/\/cabinet-jvl.fr\/boutique\/produit\/livre-lart-de-la-relation-au-service-de-laccompagnement-volume-1\/","title":{"rendered":"\u00ab\u00a0L\u2019art de la relation au service de l\u2019accompagnement\u00a0\u00bb &#8211; Volume 1"},"content":{"rendered":"<p><strong>Par Jean Dupr\u00e9 &amp; J\u00e9r\u00f4me Valentin-L\u00e9autaud.<\/strong><\/p>\n<p><span style=\"color: #0000ff;\"><strong><span style=\"text-decoration: underline;\">IMPORTANT :<\/span> Si vous souhaitez que votre commande s&rsquo;accompagne d&rsquo;une d\u00e9dicace, nous vous invitons au moment de la confirmation de la commande \u00e0 cocher la case \u00ab\u00a0Ajouter une note \u00e0 votre commande\u00a0\u00bb pour nous indiquer les noms et pr\u00e9noms concern\u00e9s.<\/strong><\/span><\/p>\n<p><strong>Que faut-il \u00e0 une relation pour qu\u2019elle favorise l\u2019\u00e9mergence du changement ? Comment cr\u00e9er les conditions pour qu\u2019une transformation puisse advenir ? <\/strong><\/p>\n<p><strong>Jean Dupr\u00e9 et J\u00e9r\u00f4me Valentin-L\u00e9autaud explorent le coeur battant de toute forme d\u2019accompagnement : la relation elle-m\u00eame.<\/strong><\/p>\n<p><!--more--><\/p>\n<p><strong>Praticiens exp\u00e9riment\u00e9s, ils partagent ici leurs questionnements ainsi que le fruit d\u2019ann\u00e9es de recherche et de pratique, sur ce qui permet \u00e0 deux personnes, ou plus, de cheminer ensemble vers une transformation possible.<\/strong><\/p>\n<p>Ce premier volume traverse les grands courants de pens\u00e9e qui \u00e9clairent la relation d\u2019aide, d\u00e9crypte les m\u00e9canismes de r\u00e9sistance et d\u2019alliance et propose des rep\u00e8res concrets pour ajuster sa posture. Les auteurs articulent avec finesse th\u00e9orie et pratique, rigueur intellectuelle et sensibilit\u00e9 humaine, pour offrir une vision \u00e0 la fois exigeante et accessible de l\u2019accompagnement. Un livre pour toutes celles et ceux qui accompagnent \u2013 th\u00e9rapeutes, \u00e9ducateurs, enseignants, travailleurs sociaux, formateurs, parents\u2026 \u2013 mais aussi pour quiconque s\u2019interroge sur la puissance transformatrice du lien humain. Une invitation \u00e0 retrouver l\u2019essentiel : cette qualit\u00e9 de pr\u00e9sence qui permet \u00e0 l\u2019autre de d\u00e9couvrir ses propres ressources et de reprendre son pouvoir d\u2019agir.<\/p>\n<p>\u00ab<em> Un ouvrage qui redonne confiance dans la capacit\u00e9 \u00e0 penser ensemble et qui change d\u00e9j\u00e0 la mani\u00e8re d\u2019\u00eatre en relation.<\/em> \u00bb<br \/>\n<strong>Pierre Frankhauser,<\/strong> Professeur \u00e9m\u00e9rite, Membre honoraire de l\u2019Institut Universitaire de France (IUF)<\/p>\n<p><strong>Jean Dupr\u00e9,<\/strong> praticien, superviseur et formateur en hypnose ericksonienne, intervient principalement aupr\u00e8s d\u2019instituts de r\u00e9f\u00e9rence (ARCHE, AFNH\u2026). Son parcours entre journalisme et solidarit\u00e9 internationale \u00e9claire une pratique centr\u00e9e sur les dimensions narratives et relationnelles du changement.<\/p>\n<p><strong>J\u00e9r\u00f4me Valentin-L\u00e9autaud,<\/strong> praticien int\u00e9gratif et chercheur associ\u00e9 (Chaire TRADIS &#8211; UQAM), intervient en individuel comme en collectif. Il supervise, forme (CNFPT, Universit\u00e9) et anime des groupes d\u2019analyse des pratiques, explorant les dynamiques syst\u00e9miques complexes du changement et de la relation.<\/p>\n<p><strong>Pour des raisons organisationnelles et notamment si vous souhaitez une d\u00e9dicace, les commandes seront trait\u00e9es et envoy\u00e9es une \u00e0 deux fois par semaine.<\/strong><\/p>\n","protected":false},"excerpt":{"rendered":"<p>Par Jean Dupr\u00e9 &amp; J\u00e9r\u00f4me Valentin-L\u00e9autaud. IMPORTANT : Si vous souhaitez que votre commande s&rsquo;accompagne d&rsquo;une d\u00e9dicace, nous vous invitons au moment de la confirmation de la commande \u00e0 cocher la case \u00ab\u00a0Ajouter une note \u00e0 votre commande\u00a0\u00bb pour nous indiquer les noms et pr\u00e9noms concern\u00e9s. Que faut-il \u00e0 une relation pour qu\u2019elle favorise l\u2019\u00e9mergence [&hellip;]<\/p>\n","protected":false},"featured_media":15,"template":"","meta":[],"product_brand":[],"product_cat":[17],"product_tag":[],"class_list":{"0":"post-14","1":"product","2":"type-product","3":"status-publish","4":"has-post-thumbnail","6":"product_cat-livres","7":"product_shipping_class-livre","9":"first","10":"instock","11":"taxable","12":"shipping-taxable","13":"purchasable","14":"product-type-simple"},"_links":{"self":[{"href":"https:\/\/cabinet-jvl.fr\/boutique\/wp-json\/wp\/v2\/product\/14","targetHints":{"allow":["GET"]}}],"collection":[{"href":"https:\/\/cabinet-jvl.fr\/boutique\/wp-json\/wp\/v2\/product"}],"about":[{"href":"https:\/\/cabinet-jvl.fr\/boutique\/wp-json\/wp\/v2\/types\/product"}],"wp:featuredmedia":[{"embeddable":true,"href":"https:\/\/cabinet-jvl.fr\/boutique\/wp-json\/wp\/v2\/media\/15"}],"wp:attachment":[{"href":"https:\/\/cabinet-jvl.fr\/boutique\/wp-json\/wp\/v2\/media?parent=14"}],"wp:term":[{"taxonomy":"product_brand","embeddable":true,"href":"https:\/\/cabinet-jvl.fr\/boutique\/wp-json\/wp\/v2\/product_brand?post=14"},{"taxonomy":"product_cat","embeddable":true,"href":"https:\/\/cabinet-jvl.fr\/boutique\/wp-json\/wp\/v2\/product_cat?post=14"},{"taxonomy":"product_tag","embeddable":true,"href":"https:\/\/cabinet-jvl.fr\/boutique\/wp-json\/wp\/v2\/product_tag?post=14"}],"curies":[{"name":"wp","href":"https:\/\/api.w.org\/{rel}","templated":true}]}}

<p><strong>Par Jean Dupré &amp; Jérôme Valentin-Léautaud.</strong></p>
<p><span style="color: #0000ff;"><strong><span style="text-decoration: underline;">IMPORTANT :</span> Si vous souhaitez que votre commande s&rsquo;accompagne d&rsquo;une dédicace, nous vous invitons au moment de la confirmation de la commande à cocher la case « Ajouter une note à votre commande » pour nous indiquer les noms et prénoms concernés.</strong></span></p>
<p><strong>Que faut-il à une relation pour qu’elle favorise l’émergence du changement ? Comment créer les conditions pour qu’une transformation puisse advenir ? </strong></p>
<p><strong>Jean Dupré et Jérôme Valentin-Léautaud explorent le coeur battant de toute forme d’accompagnement : la relation elle-même.</strong></p>
<p><!--more--></p>
<p><strong>Praticiens expérimentés, ils partagent ici leurs questionnements ainsi que le fruit d’années de recherche et de pratique, sur ce qui permet à deux personnes, ou plus, de cheminer ensemble vers une transformation possible.</strong></p>
<p>Ce premier volume traverse les grands courants de pensée qui éclairent la relation d’aide, décrypte les mécanismes de résistance et d’alliance et propose des repères concrets pour ajuster sa posture. Les auteurs articulent avec finesse théorie et pratique, rigueur intellectuelle et sensibilité humaine, pour offrir une vision à la fois exigeante et accessible de l’accompagnement. Un livre pour toutes celles et ceux qui accompagnent – thérapeutes, éducateurs, enseignants, travailleurs sociaux, formateurs, parents… – mais aussi pour quiconque s’interroge sur la puissance transformatrice du lien humain. Une invitation à retrouver l’essentiel : cette qualité de présence qui permet à l’autre de découvrir ses propres ressources et de reprendre son pouvoir d’agir.</p>
<p>«<em> Un ouvrage qui redonne confiance dans la capacité à penser ensemble et qui change déjà la manière d’être en relation.</em> »<br />
<strong>Pierre Frankhauser,</strong> Professeur émérite, Membre honoraire de l’Institut Universitaire de France (IUF)</p>
<p><strong>Jean Dupré,</strong> praticien, superviseur et formateur en hypnose ericksonienne, intervient principalement auprès d’instituts de référence (ARCHE, AFNH…). Son parcours entre journalisme et solidarité internationale éclaire une pratique centrée sur les dimensions narratives et relationnelles du changement.</p>
<p><strong>Jérôme Valentin-Léautaud,</strong> praticien intégratif et chercheur associé (Chaire TRADIS &#8211; UQAM), intervient en individuel comme en collectif. Il supervise, forme (CNFPT, Université) et anime des groupes d’analyse des pratiques, explorant les dynamiques systémiques complexes du changement et de la relation.</p>
<p><strong>Pour des raisons organisationnelles et notamment si vous souhaitez une dédicace, les commandes seront traitées et envoyées une à deux fois par semaine.</strong></p>

<p>Par Jean Dupré &amp; Jérôme Valentin-Léautaud. IMPORTANT : Si vous souhaitez que votre commande s&rsquo;accompagne d&rsquo;une dédicace, nous vous invitons au moment de la confirmation de la commande à cocher la case « Ajouter une note à votre commande » pour nous indiquer les noms et prénoms concernés. Que faut-il à une relation pour qu’elle favorise l’émergence [&hellip;]</p>
