{"id":35,"date":"2025-10-29T19:53:05","date_gmt":"2025-10-29T19:53:05","guid":{"rendered":"https:\/\/cabinet-jvl.fr\/boutique\/site\/?page_id=35"},"modified":"2026-03-04T18:54:52","modified_gmt":"2026-03-04T18:54:52","slug":"page-daccueil","status":"publish","type":"page","link":"https:\/\/cabinet-jvl.fr\/boutique\/","title":{"rendered":"Page d&rsquo;accueil"},"content":{"rendered":"\n<div class=\"wp-block-columns is-style-default is-layout-flex wp-container-core-columns-is-layout-28f84493 wp-block-columns-is-layout-flex\">\n<div class=\"wp-block-column is-layout-flow wp-block-column-is-layout-flow\">\n<h1 class=\"wp-block-heading\">Soyez les bienvenus !<\/h1>\n\n\n\n<p><strong>Vous \u00eates sur le site web d&rsquo;Uhai \u00e9ditions.<\/strong><\/p>\n\n\n\n<h2 class=\"wp-block-heading has-text-align-left\">D\u00e9posez votre courriel ci-dessous pour \u00eatre mis au courant des prochaines mises \u00e0 jour<\/h2>\n\n\n\n<div class=\"wpcf7 no-js\" id=\"wpcf7-f142-o1\" lang=\"fr-FR\" dir=\"ltr\" data-wpcf7-id=\"142\">\n<div class=\"screen-reader-response\"><p role=\"status\" aria-live=\"polite\" aria-atomic=\"true\"><\/p> <ul><\/ul><\/div>\n<form action=\"\/boutique\/wp-json\/wp\/v2\/pages\/35#wpcf7-f142-o1\" method=\"post\" class=\"wpcf7-form init\" aria-label=\"Formulaire de contact\" novalidate=\"novalidate\" data-status=\"init\">\n<fieldset class=\"hidden-fields-container\"><input type=\"hidden\" name=\"_wpcf7\" value=\"142\" \/><input type=\"hidden\" name=\"_wpcf7_version\" value=\"6.1.3\" \/><input type=\"hidden\" name=\"_wpcf7_locale\" value=\"fr_FR\" \/><input type=\"hidden\" name=\"_wpcf7_unit_tag\" value=\"wpcf7-f142-o1\" \/><input type=\"hidden\" name=\"_wpcf7_container_post\" value=\"0\" \/><input type=\"hidden\" name=\"_wpcf7_posted_data_hash\" value=\"\" \/>\n<\/fieldset>\n<p><label> Votre pr\u00e9nom<br \/>\n<span class=\"wpcf7-form-control-wrap\" data-name=\"le-prenom\"><input size=\"40\" maxlength=\"400\" class=\"wpcf7-form-control wpcf7-text wpcf7-validates-as-required\" autocomplete=\"name\" aria-required=\"true\" aria-invalid=\"false\" value=\"\" type=\"text\" name=\"le-prenom\" \/><\/span> <\/label>\n<\/p>\n<p><label> Votre e-mail<br \/>\n<span class=\"wpcf7-form-control-wrap\" data-name=\"le-email\"><input size=\"40\" maxlength=\"400\" class=\"wpcf7-form-control wpcf7-email wpcf7-validates-as-required wpcf7-text wpcf7-validates-as-email\" autocomplete=\"email\" aria-required=\"true\" aria-invalid=\"false\" value=\"\" type=\"email\" name=\"le-email\" \/><\/span> <\/label>\n<\/p>\n<p><input class=\"wpcf7-form-control wpcf7-submit has-spinner\" type=\"submit\" value=\"Envoyer\" \/>\n<\/p><div class=\"wpcf7-response-output\" aria-hidden=\"true\"><\/div>\n<\/form>\n<\/div>\n\n\n\n\n<div class=\"wp-block-group is-nowrap is-layout-flex wp-container-core-group-is-layout-6c531013 wp-block-group-is-layout-flex\">\n<figure class=\"wp-block-image alignleft size-full is-resized\"><a href=\"https:\/\/cabinet-jvl.fr\/boutique\/site\/produit\/livre-lart-de-la-relation-au-service-de-laccompagnement-volume-1\/\"><img loading=\"lazy\" decoding=\"async\" width=\"464\" height=\"689\" src=\"https:\/\/cabinet-jvl.fr\/boutique\/site\/wp-content\/uploads\/2025\/10\/couverturelivre.png\" alt=\"\" class=\"wp-image-15\" style=\"width:332px;height:auto\" srcset=\"https:\/\/cabinet-jvl.fr\/boutique\/wp-content\/uploads\/2025\/10\/couverturelivre.png 464w, https:\/\/cabinet-jvl.fr\/boutique\/wp-content\/uploads\/2025\/10\/couverturelivre-202x300.png 202w\" sizes=\"auto, (max-width: 464px) 100vw, 464px\" \/><\/a><\/figure>\n\n\n\n<p>Rendez-vous sur <a href=\"https:\/\/cabinet-jvl.fr\/boutique\/site\/boutique\/\" data-type=\"link\" data-id=\"https:\/\/cabinet-jvl.fr\/boutique\/site\/boutique\/\">la boutique<\/a> pour d\u00e9couvrir <br><br><a href=\"https:\/\/cabinet-jvl.fr\/boutique\/site\/produit\/livre-lart-de-la-relation-au-service-de-laccompagnement-volume-1\/\" data-type=\"link\" data-id=\"https:\/\/cabinet-jvl.fr\/boutique\/site\/produit\/livre-lart-de-la-relation-au-service-de-laccompagnement-volume-1\/\"><strong>\u00ab L\u2019art de la relation au service de l\u2019accompagnement \u00bb \u2013 Volume 1<\/strong><\/a> <br><br>Jean Dupr\u00e9, J\u00e9r\u00f4me Valentin-L\u00e9autaud<br><br>D\u00e9sormais disponible !<\/p>\n<\/div>\n\n\n\n<p>Nous vous informons que nous proposons trois modes de livraison :<\/p>\n\n\n\n<ul class=\"wp-block-list\">\n<li>Le premier, qui vous est offert, est de choisir un \u00ab\u00a0Retrait directement au Cabinet JVL (sur RDV)\u00a0\u00bb si vous \u00eates \u00e0 proximit\u00e9 de Nice ;<\/li>\n\n\n\n<li>Le second, \u00e0 8,65 \u20ac par ouvrage achet\u00e9, vous permet une livraison directement \u00e0 domicile. Le d\u00e9lai de livraison indicatif apr\u00e8s envoi est de 2 jours ouvr\u00e9s.<\/li>\n<\/ul>\n\n\n\n<p class=\"has-accent-3-color has-text-color has-link-color wp-elements-ddb01570d0fee2739a7547ea33568dbd\"><strong>Pour des raisons organisationnelles et notamment si vous souhaitez une d\u00e9dicace, les commandes seront trait\u00e9es et envoy\u00e9es une \u00e0 deux fois par semaine.<\/strong><\/p>\n\n\n\n<p><strong>Si vous souhaitez que votre commande s&rsquo;accompagne d&rsquo;une d\u00e9dicace,<\/strong> nous vous invitons au moment de la confirmation de la commande \u00e0 cocher la case d\u00e9di\u00e9e au moment de la validation de votre commande pour nous indiquer les noms et pr\u00e9noms concern\u00e9s.<\/p>\n<\/div>\n\n\n\n<div class=\"wp-block-column is-style-section-1 is-layout-flow wp-block-column-is-layout-flow is-style-section-1--1\">\n<h2 class=\"wp-block-heading has-text-align-center\">Nouvelle date<br>de pr\u00e9sentation du livre<\/h2>\n\n\n\n<h3 class=\"wp-block-heading has-text-align-center\">\u00ab De la th\u00e9orie \u00e0 la pratique : penser la relation \u00bb<\/h3>\n\n\n\n<p class=\"has-text-align-center\">Nous sommes heureux de vous inviter \u00e0 d\u00e9couvrir notre ouvrage \u00ab L&rsquo;art de la relation au service de l&rsquo;accompagnement Volume 1 : fondements th\u00e9oriques et strat\u00e9giques \u00bb lors de deux soir\u00e9es exceptionnelles :<\/p>\n\n\n\n<p class=\"has-text-align-center\"><strong>\ud83c\udf0a \u00c0 MARSEILLE<\/strong><br>\ud83d\udcc5 Mercredi 25 Mars \u00e0 19 heures<br>\ud83d\udccd La Fabulerie (Grande Salle), <br>10 Boulevard Garibaldi, 13001, MARSEILLE<br><br>\u2139\ufe0f Inscription gratuite et obligatoire : <a href=\"https:\/\/my.weezevent.com\/rencontres-marseille-art-de-la-relation-au-service-de-laccompagnement-1\">https:\/\/my.weezevent.com\/rencontres-marseille-art-de-la-relation-au-service-de-laccompagnement-1<\/a><\/p>\n\n\n\n<p class=\"has-text-align-center\">Au programme : \u00e9changes autour des coulisses de cette \u00e9criture \u00e0 quatre mains, partage de nos inspirations, dialogue avec vous sur les th\u00e8mes qui nous animent, s\u00e9ance de d\u00e9dicaces et moment convivial.<\/p>\n\n\n\n<p class=\"has-text-align-center\">Une soir\u00e9e pour faire relation autour de la relation !<\/p>\n\n\n\n<p class=\"has-text-align-center\">Nous serions, Jean Dupre et moi-m\u00eame ravis de vous y retrouver. Votre pr\u00e9sence donnera encore plus de sens \u00e0 cette r\u00e9alisation qui nous tient \u00e0 c\u0153ur !<\/p>\n\n\n\n<p class=\"has-text-align-center\">A bient\u00f4t donc !<\/p>\n\n\n\n<p><\/p>\n<\/div>\n<\/div>\n\n\n\n<p><\/p>\n\n\n\n<div style=\"height:38px\" aria-hidden=\"true\" class=\"wp-block-spacer\"><\/div>\n\n\n\n<div class=\"wp-block-columns is-layout-flex wp-container-core-columns-is-layout-28f84493 wp-block-columns-is-layout-flex\">\n<div class=\"wp-block-column is-layout-flow wp-block-column-is-layout-flow\">\n<h2 class=\"wp-block-heading has-text-align-center\">Une tourn\u00e9e de pr\u00e9sentation dans plusieurs villes de France : \u00ab\u00a0save the date\u00a0\u00bb !<\/h2>\n\n\n\n<p class=\"has-text-align-left\">Vous pouvez d&rsquo;ores et d\u00e9j\u00e0 prendre note des dates d\u00e9j\u00e0 connues de moments de pr\u00e9sentation de l&rsquo;ouvrage dans les villes suivantes :<\/p>\n\n\n\n<div class=\"wp-block-group has-global-padding is-layout-constrained wp-block-group-is-layout-constrained\">\n<div class=\"wp-block-group has-global-padding is-layout-constrained wp-block-group-is-layout-constrained\">\n<ul class=\"wp-block-list\">\n<li>Nice le 15 d\u00e9cembre ;<\/li>\n\n\n\n<li>Montpellier le 16 d\u00e9cembre ;<\/li>\n\n\n\n<li>Paris le 22 janvier 2026 ;<\/li>\n\n\n\n<li>Lyon le 13 f\u00e9vrier 2026.<\/li>\n<\/ul>\n<\/div>\n<\/div>\n\n\n\n<p class=\"has-text-align-left\">Cette liste sera actualis\u00e9e d\u00e8s que n\u00e9cessaire.<\/p>\n<\/div>\n\n\n\n<div class=\"wp-block-column is-layout-flow wp-block-column-is-layout-flow\"><\/div>\n<\/div>\n\n\n\n<p><\/p>\n","protected":false},"excerpt":{"rendered":"<p>Soyez les bienvenus ! Vous \u00eates sur le site web d&rsquo;Uhai \u00e9ditions. D\u00e9posez votre courriel ci-dessous pour \u00eatre mis au courant des prochaines mises \u00e0 jour Rendez-vous sur la boutique pour d\u00e9couvrir \u00ab L\u2019art de la relation au service de l\u2019accompagnement \u00bb \u2013 Volume 1 Jean Dupr\u00e9, J\u00e9r\u00f4me Valentin-L\u00e9autaud D\u00e9sormais disponible ! Nous vous informons [&hellip;]<\/p>\n","protected":false},"author":1,"featured_media":0,"parent":0,"menu_order":0,"comment_status":"closed","ping_status":"closed","template":"page-pleine-largeur","meta":{"footnotes":""},"class_list":["post-35","page","type-page","status-publish","hentry"],"_links":{"self":[{"href":"https:\/\/cabinet-jvl.fr\/boutique\/wp-json\/wp\/v2\/pages\/35","targetHints":{"allow":["GET"]}}],"collection":[{"href":"https:\/\/cabinet-jvl.fr\/boutique\/wp-json\/wp\/v2\/pages"}],"about":[{"href":"https:\/\/cabinet-jvl.fr\/boutique\/wp-json\/wp\/v2\/types\/page"}],"author":[{"embeddable":true,"href":"https:\/\/cabinet-jvl.fr\/boutique\/wp-json\/wp\/v2\/users\/1"}],"replies":[{"embeddable":true,"href":"https:\/\/cabinet-jvl.fr\/boutique\/wp-json\/wp\/v2\/comments?post=35"}],"version-history":[{"count":44,"href":"https:\/\/cabinet-jvl.fr\/boutique\/wp-json\/wp\/v2\/pages\/35\/revisions"}],"predecessor-version":[{"id":181,"href":"https:\/\/cabinet-jvl.fr\/boutique\/wp-json\/wp\/v2\/pages\/35\/revisions\/181"}],"wp:attachment":[{"href":"https:\/\/cabinet-jvl.fr\/boutique\/wp-json\/wp\/v2\/media?parent=35"}],"curies":[{"name":"wp","href":"https:\/\/api.w.org\/{rel}","templated":true}]}}

<div class="wp-block-columns is-style-default is-layout-flex wp-container-core-columns-is-layout-28f84493 wp-block-columns-is-layout-flex">
<div class="wp-block-column is-layout-flow wp-block-column-is-layout-flow">
<h1 class="wp-block-heading">Soyez les bienvenus !</h1>



<p><strong>Vous êtes sur le site web d&rsquo;Uhai éditions.</strong></p>



<h2 class="wp-block-heading has-text-align-left">Déposez votre courriel ci-dessous pour être mis au courant des prochaines mises à jour</h2>



<div class="wpcf7 no-js" id="wpcf7-f142-o1" lang="fr-FR" dir="ltr" data-wpcf7-id="142">
<div class="screen-reader-response"><p role="status" aria-live="polite" aria-atomic="true"></p> <ul></ul></div>
<form action="/boutique/wp-json/wp/v2/pages/35#wpcf7-f142-o1" method="post" class="wpcf7-form init" aria-label="Formulaire de contact" novalidate="novalidate" data-status="init">
<fieldset class="hidden-fields-container"><input type="hidden" name="_wpcf7" value="142" /><input type="hidden" name="_wpcf7_version" value="6.1.3" /><input type="hidden" name="_wpcf7_locale" value="fr_FR" /><input type="hidden" name="_wpcf7_unit_tag" value="wpcf7-f142-o1" /><input type="hidden" name="_wpcf7_container_post" value="0" /><input type="hidden" name="_wpcf7_posted_data_hash" value="" />
</fieldset>
<p><label> Votre prénom<br />
<span class="wpcf7-form-control-wrap" data-name="le-prenom"><input size="40" maxlength="400" class="wpcf7-form-control wpcf7-text wpcf7-validates-as-required" autocomplete="name" aria-required="true" aria-invalid="false" value="" type="text" name="le-prenom" /></span> </label>
</p>
<p><label> Votre e-mail<br />
<span class="wpcf7-form-control-wrap" data-name="le-email"><input size="40" maxlength="400" class="wpcf7-form-control wpcf7-email wpcf7-validates-as-required wpcf7-text wpcf7-validates-as-email" autocomplete="email" aria-required="true" aria-invalid="false" value="" type="email" name="le-email" /></span> </label>
</p>
<p><input class="wpcf7-form-control wpcf7-submit has-spinner" type="submit" value="Envoyer" />
</p><div class="wpcf7-response-output" aria-hidden="true"></div>
</form>
</div>




<div class="wp-block-group is-nowrap is-layout-flex wp-container-core-group-is-layout-6c531013 wp-block-group-is-layout-flex">
<figure class="wp-block-image alignleft size-full is-resized"><a href="https://cabinet-jvl.fr/boutique/site/produit/livre-lart-de-la-relation-au-service-de-laccompagnement-volume-1/"><img loading="lazy" decoding="async" width="464" height="689" src="https://cabinet-jvl.fr/boutique/site/wp-content/uploads/2025/10/couverturelivre.png" alt="" class="wp-image-15" style="width:332px;height:auto" srcset="https://cabinet-jvl.fr/boutique/wp-content/uploads/2025/10/couverturelivre.png 464w, https://cabinet-jvl.fr/boutique/wp-content/uploads/2025/10/couverturelivre-202x300.png 202w" sizes="auto, (max-width: 464px) 100vw, 464px" /></a></figure>



<p>Rendez-vous sur <a href="https://cabinet-jvl.fr/boutique/site/boutique/" data-type="link" data-id="https://cabinet-jvl.fr/boutique/site/boutique/">la boutique</a> pour découvrir <br><br><a href="https://cabinet-jvl.fr/boutique/site/produit/livre-lart-de-la-relation-au-service-de-laccompagnement-volume-1/" data-type="link" data-id="https://cabinet-jvl.fr/boutique/site/produit/livre-lart-de-la-relation-au-service-de-laccompagnement-volume-1/"><strong>« L’art de la relation au service de l’accompagnement » – Volume 1</strong></a> <br><br>Jean Dupré, Jérôme Valentin-Léautaud<br><br>Désormais disponible !</p>
</div>



<p>Nous vous informons que nous proposons trois modes de livraison :</p>



<ul class="wp-block-list">
<li>Le premier, qui vous est offert, est de choisir un « Retrait directement au Cabinet JVL (sur RDV) » si vous êtes à proximité de Nice ;</li>



<li>Le second, à 8,65 € par ouvrage acheté, vous permet une livraison directement à domicile. Le délai de livraison indicatif après envoi est de 2 jours ouvrés.</li>
</ul>



<p class="has-accent-3-color has-text-color has-link-color wp-elements-ddb01570d0fee2739a7547ea33568dbd"><strong>Pour des raisons organisationnelles et notamment si vous souhaitez une dédicace, les commandes seront traitées et envoyées une à deux fois par semaine.</strong></p>



<p><strong>Si vous souhaitez que votre commande s&rsquo;accompagne d&rsquo;une dédicace,</strong> nous vous invitons au moment de la confirmation de la commande à cocher la case dédiée au moment de la validation de votre commande pour nous indiquer les noms et prénoms concernés.</p>
</div>



<div class="wp-block-column is-style-section-1 is-layout-flow wp-block-column-is-layout-flow is-style-section-1--1">
<h2 class="wp-block-heading has-text-align-center">Nouvelle date<br>de présentation du livre</h2>



<h3 class="wp-block-heading has-text-align-center">« De la théorie à la pratique : penser la relation »</h3>



<p class="has-text-align-center">Nous sommes heureux de vous inviter à découvrir notre ouvrage « L&rsquo;art de la relation au service de l&rsquo;accompagnement Volume 1 : fondements théoriques et stratégiques » lors de deux soirées exceptionnelles :</p>



<p class="has-text-align-center"><strong>🌊 À MARSEILLE</strong><br>📅 Mercredi 25 Mars à 19 heures<br>📍 La Fabulerie (Grande Salle), <br>10 Boulevard Garibaldi, 13001, MARSEILLE<br><br>ℹ️ Inscription gratuite et obligatoire : <a href="https://my.weezevent.com/rencontres-marseille-art-de-la-relation-au-service-de-laccompagnement-1">https://my.weezevent.com/rencontres-marseille-art-de-la-relation-au-service-de-laccompagnement-1</a></p>



<p class="has-text-align-center">Au programme : échanges autour des coulisses de cette écriture à quatre mains, partage de nos inspirations, dialogue avec vous sur les thèmes qui nous animent, séance de dédicaces et moment convivial.</p>



<p class="has-text-align-center">Une soirée pour faire relation autour de la relation !</p>



<p class="has-text-align-center">Nous serions, Jean Dupre et moi-même ravis de vous y retrouver. Votre présence donnera encore plus de sens à cette réalisation qui nous tient à cœur !</p>



<p class="has-text-align-center">A bientôt donc !</p>



<p></p>
</div>
</div>



<p></p>



<div style="height:38px" aria-hidden="true" class="wp-block-spacer"></div>



<div class="wp-block-columns is-layout-flex wp-container-core-columns-is-layout-28f84493 wp-block-columns-is-layout-flex">
<div class="wp-block-column is-layout-flow wp-block-column-is-layout-flow">
<h2 class="wp-block-heading has-text-align-center">Une tournée de présentation dans plusieurs villes de France : « save the date » !</h2>



<p class="has-text-align-left">Vous pouvez d&rsquo;ores et déjà prendre note des dates déjà connues de moments de présentation de l&rsquo;ouvrage dans les villes suivantes :</p>



<div class="wp-block-group has-global-padding is-layout-constrained wp-block-group-is-layout-constrained">
<div class="wp-block-group has-global-padding is-layout-constrained wp-block-group-is-layout-constrained">
<ul class="wp-block-list">
<li>Nice le 15 décembre ;</li>



<li>Montpellier le 16 décembre ;</li>



<li>Paris le 22 janvier 2026 ;</li>



<li>Lyon le 13 février 2026.</li>
</ul>
</div>
</div>



<p class="has-text-align-left">Cette liste sera actualisée dès que nécessaire.</p>
</div>



<div class="wp-block-column is-layout-flow wp-block-column-is-layout-flow"></div>
</div>



<p></p>

<p>Soyez les bienvenus ! Vous êtes sur le site web d&rsquo;Uhai éditions. Déposez votre courriel ci-dessous pour être mis au courant des prochaines mises à jour Rendez-vous sur la boutique pour découvrir « L’art de la relation au service de l’accompagnement » – Volume 1 Jean Dupré, Jérôme Valentin-Léautaud Désormais disponible ! Nous vous informons [&hellip;]</p>
